 List the prime factors of g(q).
13
Suppose 2*f - 4 = 2. Suppose f*z - 6 = z. What are the prime factors of z?
3
Suppose -2*t - 14 = -2*q - 94, -5*t - 5*q = -160. List the prime factors of t.
2, 3
Let c(q) = q**2 + 20*q - 45. List the prime factors of c(-24).
3, 17
Suppose -3 = -3*b, -4*j + 4*b - 34 = j. Suppose -4*l = 5*g + 67, -6*l - 20 = -4*l - 2*g. Let f = j - l. What are the prime factors of f?
7
Suppose 0 = -3*n + 12. List the prime factors of n.
2
Suppose 3*r + 2*r - 15 = 0. Suppose r*b + 0*b = 3, 5*n - b = 24. Suppose -25 = -5*m, 0 = 5*h + n*m - m - 130. List the prime factors of h.
2, 11
Let j be (-4)/(-2)*(5 + -4). Suppose 3*p = 2*v - 25, -j*v + p - 5 = 4*p. Suppose 3*q - v*q + 38 = 0. List the prime factors of q.
19
Suppose 0 = -4*k + k - 5*d + 242, -2*k = -3*d - 174. List the prime factors of k.
2, 3, 7
Let d(x) = -2*x**2 + 2*x + 2. Let l be d(2). Let j = l - -4. Suppose 0 = 3*c + 4*f - 17, j*f + 4 = -4. What are the prime factors of c?
11
Let m(s) = s**2 + 2. What are the prime factors of m(-4)?
2, 3
List the prime factors of 1/(1 - 170/175).
5, 7
Let l(a) = 4*a**3 - 2*a**2 - 2*a. What are the prime factors of l(2)?
2, 5
Suppose -10*k = -14*k + 384. What are the prime factors of k?
2, 3
Let g be (-3)/(-2)*(-8)/(-6). Suppose -i = 5*b + g*i - 98, -2*i = -b + 17. List the prime factors of b.
19
Let l be (1 - -133)/2 - 1. Let i = l + -40. List the prime factors of i.
2, 13
What are the prime factors of (14/(-4))/((-4)/56)?
7
Suppose 24 = 6*m - 150. What are the prime factors of m?
29
Suppose -3*p = -433 + 175. Suppose -3*a = 5*k - 94, -4*k + 3*k = 3*a - p. List the prime factors of a.
2, 7
Let z = -6 + 0. Let k(i) = -42*i - 9. Let y be k(z). What are the prime factors of y/18*4/6?
3
Suppose 3*f - 52 = -2*n - 0*n, 5*n + f - 130 = 0. Suppose 0*h - 4*h = 60. Let q = h + n. List the prime factors of q.
11
Suppose 5*i + 4*b - 12 = 0, 0 = 5*i - 4*i + 3*b - 9. Suppose 14 = a - i. List the prime factors of a.
2, 7
Let f(d) = d**3 + 6*d**2 - 8*d - 4. Suppose 5*x - 54 = 5*i + 1, 2*i = -3*x - 2. Let g be f(i). Suppose g*m = 27 - 9. What are the prime factors of m?
2, 3
List the prime factors of (2950/(-20))/(1/(-2)).
5, 59
Let p(l) = 4 - 3*l**3 - 4 + l - 2*l. Let z be p(1). What are the prime factors of -5*2/(z - -3)?
2, 5
Suppose 6*b = 2*b + 20. Let p(f) = 4*f - 7. What are the prime factors of p(b)?
13
Suppose 8 + 4 = -2*m. Let f be 20/m + (-8)/12. Let g(l) = 2*l**2 + 6*l + 1. What are the prime factors of g(f)?
3
Let a(r) = r**3 - 5*r**2 + 2*r + 5. Let i be a(4). Let j(w) = -2*w - 1. Let b be j(i). Suppose -b*k + 3 = -22. List the prime factors of k.
5
Suppose 81 = 2*j - 39. Suppose j = 3*g + 3*w, 97 = 5*g - w + 3*w. What are the prime factors of g?
19
Suppose 4*v + 0*l = l - 13, -4*l + 18 = v. List the prime factors of 77/3 - v/6.
2, 13
Suppose 16 = -5*h + 56. What are the prime factors of h?
2
Suppose -3*h = 2*h - 3*d - 133, -105 = -4*h + d. Let n = h - 16. What are the prime factors of n?
2, 5
Suppose 20 = 5*u, 3*d - 6*u + 3*u = 0. List the prime factors of (1 - (-5 + d)) + 0.
2
Let z(y) = y**3 + 6*y**2 - 10*y + 1. What are the prime factors of z(-7)?
2, 11
Suppose -37 = s - y, -6*s + 3*s - 107 = -y. Let b = s + 51. What are the prime factors of b?
2
Let u(m) = 3*m**2 + 4*m + 1. What are the prime factors of u(-4)?
3, 11
Suppose 6 = 3*a - 3. Let j(z) = z**3 - 3*z**2 + 2. Let h be j(a). Suppose 5*i + h*y - 48 + 13 = 0, 3*i - 5 = 2*y. What are the prime factors of i?
5
Let t(a) = 9*a**2 - 2*a - 1. Let i be t(-1). Let j be -4*i/4 - -2. Let g = -5 - j. What are the prime factors of g?
3
Let g(u) = 3*u**2 + 2*u - 1. Let b be g(1). Suppose 0 = -b*c + 2*c - 5*k + 90, -3*c - k + 109 = 0. List the prime factors of c.
5, 7
Let t = -5 + -7. What are the prime factors of (-244)/(-16) - (-3)/t?
3, 5
Let f(t) = -77*t**3 - t - 1. List the prime factors of f(-1).
7, 11
Let z = -45 - -66. What are the prime factors of z?
3, 7
Let d(r) = -5*r + 5. What are the prime factors of d(-8)?
3, 5
Suppose 0 = 4*y + 108 + 68. Let h = -30 - y. List the prime factors of h.
2, 7
Suppose o = -2*q + 19, 4*q = -2*o - o + 43. Let p(g) = -g**3 + 7*g**2 + g - 5. List the prime factors of p(q).
2
Let h = 7 - 7. Suppose -3*i + 14 = -h*c + c, 2*c + 3*i - 16 = 0. What are the prime factors of c?
2
Let w be 6/(-8) - (-27)/4. Suppose -3*s = -t + 15, 3 = -6*s + 5*s. Suppose 3*u - t*u = -w. List the prime factors of u.
2
Let m be -5 + 33 - (0 - -1). Suppose 0*t + 3*t = m. What are the prime factors of t?
3
Suppose 0*w - 5*w + 320 = 0. What are the prime factors of w?
2
Let w(v) = 6*v + 3. Let f be w(7). Suppose 0 = -3*q + 3*a + f, -3*a + 19 = q - 2*a. List the prime factors of q.
17
Let s(k) = -k**3 - 5*k**2 + 10*k + 4. What are the prime factors of s(-7)?
2
Suppose h = 2*w + 42 - 10, h + 2*w = 24. What are the prime factors of h?
2, 7
Let f = 99 - 54. What are the prime factors of f?
3, 5
Let u be (1 - -1)/((-4)/(-8)). Suppose 2*d - o = 35, 2*d - 2*o + u*o - 32 = 0. Let h = 31 - d. List the prime factors of h.
2, 7
Let s be 3*1/(-1) + 39. Let c = 50 - s. What are the prime factors of c?
2, 7
Let j = 6 - 2. Suppose 0 + j = 2*a. Suppose a*h - 2*g = -2*h + 26, 3*h - 2*g - 22 = 0. What are the prime factors of h?
2
Let y = 15 - 13. Suppose 0*d - 2*d + 4 = 0. Suppose -2 = -y*u, -d*z - 4*u = -16 - 12. List the prime factors of z.
2, 3
Let q(a) = a - 3. Suppose 0*p - 6 = -2*p. Suppose p + 17 = 4*s. List the prime factors of q(s).
2
Let z(r) = r**3 + 5*r**2 - 4*r + 4. Let l be z(-5). Let g = l + -11. What are the prime factors of g?
13
Suppose 0*v = -5*v + 150. Suppose -2*n = 2, 5*n + 3 = 2*q - 10. Suppose q*b = 8*b + h - 75, b + 4*h = v. What are the prime factors of b?
2, 3
Suppose 2*c = 5*s + 311, -2*c + 314 = -0*s - 2*s. List the prime factors of c.
2, 79
Let o(d) be the second derivative of d**5/20 - d**4/2 - d**3/3 - 4*d**2 + d. Let w be o(7). Let i = w - 15. What are the prime factors of i?
2, 3
Let d(g) be the first derivative of g**4/8 + 5*g**3/6 + g**2 + 1. Let a(s) be the second derivative of d(s). What are the prime factors of a(5)?
2, 5
Let z(b) = -b**3 + 5*b**2 - b + 5. Let x be z(5). Suppose x = -3*j - 0*j - 30. List the prime factors of (-64)/j + 6/(-15).
2, 3
Let m(s) = -2*s + 4. Let o be m(-3). Suppose 3*n + o = 34. What are the prime factors of n?
2
Suppose -5*c + 5*s - s + 31 = 0, 4*s = -2*c - 10. Let d(n) = -n**3 + 4*n**2 - 3*n + 3. What are the prime factors of d(c)?
3
Suppose -2*c + 15 = -7*c. Let l be 3*(-2)/c + 0. Suppose 2*y = 8*v - 3*v - 47, 0 = l*y + 2. List the prime factors of v.
3
Suppose 0 = f - k - 3, 4*k = -2*f + 15 - 3. Suppose -5*w - f = -54. Suppose w + 2 = 2*q. List the prime factors of q.
2, 3
Let o(t) = t + 8. Let m be o(0). Let l be (-2)/(-8) + 246/m. Suppose -a + l = 4*y, -1 + 2 = -y - 2*a. What are the prime factors of y?
3
Let m = 10 - 12. Let t(a) = 2*a**2 - 3*a - 2. List the prime factors of t(m).
2, 3
Let s = -3 + 3. Suppose s = 16*o - 14*o - 16. List the prime factors of o.
2
Let b = -31 + 33. Let s(p) = 3*p + 4. Let y be s(6). Suppose 0 = -b*z + y - 0. List the prime factors of z.
11
Let c = 11 - 7. Suppose 3*r + 1 - c = 0. Suppose -l + 1 + r = 0. What are the prime factors of l?
2
Suppose -2*y + 4 = -0. Suppose 3*m - 32 = -m. Let a = m - y. List the prime factors of a.
2, 3
List the prime factors of (-519)/(-15)*1 - (-4)/10.
5, 7
Let f be 11/((-4)/8*-2). Let s = -2 + f. What are the prime factors of s?
3
Suppose -v + 14 = -3*t, 5*v = -0*t + t + 84. What are the prime factors of v?
17
Suppose 5*x - 1292 = -417. Suppose i + 4*i = x. List the prime factors of i.
5, 7
Suppose c = 2*g - 46, 72 = 2*g + g - 3*c. Let a = g + -12. What are the prime factors of a?
2, 5
Let k = 32 - 53. Let g = k + 35. Suppose -2*t + 6 = -3*l, 0 = -4*t + l + 4*l + g. What are the prime factors of t?
2, 3
Suppose -81 - 24 = -3*u. Suppose 2 + 6 = 2*t, -5*z = -5*t - u. List the prime factors of z.
11
Let w(l) = l**3 - 3*l**2 + 4*l - 6. List the prime factors of w(5).
2
Let r = 142 - 78. List the prime factors of r.
2
Let d(w) = 272*w + 3. What are the prime factors of d(1)?
5, 11
Suppose -5*a - 5*s = -130, -2*a - 5*s = 2*a - 104. What are the prime factors of a?
2, 13
Suppose 18 = 2*i - 52. List the prime factors of i.
5, 7
What are the prime factors of (-10)/(-35) -